{"id":2281,"date":"2024-07-04T13:03:06","date_gmt":"2024-07-04T10:03:06","guid":{"rendered":"https:\/\/www.bigadicyilmazasansor.com\/?page_id=2281"},"modified":"2024-07-04T13:05:27","modified_gmt":"2024-07-04T10:05:27","slug":"makine-daireli-asansorler","status":"publish","type":"page","link":"https:\/\/www.bigadicyilmazasansor.com\/index.php\/asansor-tipleri\/makine-daireli-asansorler\/","title":{"rendered":"Makine Daireli Asans\u00f6rler"},"content":{"rendered":"\t\t<div data-elementor-type=\"wp-page\" data-elementor-id=\"2281\" class=\"elementor elementor-2281\">\n\t\t\t\t<div class=\"elementor-element elementor-element-07447a4 e-flex e-con-boxed e-con e-parent\" data-id=\"07447a4\" data-element_type=\"container\">\n\t\t\t\t\t<div class=\"e-con-inner\">\n\t\t\t\t<div class=\"elementor-element elementor-element-7cd2916 elementor-widget elementor-widget-spacer\" data-id=\"7cd2916\" data-element_type=\"widget\" data-widget_type=\"spacer.default\">\n\t\t\t\t<div class=\"elementor-widget-container\">\n\t\t\t<style>\/*! elementor - v3.22.0 - 26-06-2024 *\/\n.elementor-column .elementor-spacer-inner{height:var(--spacer-size)}.e-con{--container-widget-width:100%}.e-con-inner>.elementor-widget-spacer,.e-con>.elementor-widget-spacer{width:var(--container-widget-width,var(--spacer-size));--align-self:var(--container-widget-align-self,initial);--flex-shrink:0}.e-con-inner>.elementor-widget-spacer>.elementor-widget-container,.e-con>.elementor-widget-spacer>.elementor-widget-container{height:100%;width:100%}.e-con-inner>.elementor-widget-spacer>.elementor-widget-container>.elementor-spacer,.e-con>.elementor-widget-spacer>.elementor-widget-container>.elementor-spacer{height:100%}.e-con-inner>.elementor-widget-spacer>.elementor-widget-container>.elementor-spacer>.elementor-spacer-inner,.e-con>.elementor-widget-spacer>.elementor-widget-container>.elementor-spacer>.elementor-spacer-inner{height:var(--container-widget-height,var(--spacer-size))}.e-con-inner>.elementor-widget-spacer.elementor-widget-empty,.e-con>.elementor-widget-spacer.elementor-widget-empty{position:relative;min-height:22px;min-width:22px}.e-con-inner>.elementor-widget-spacer.elementor-widget-empty .elementor-widget-empty-icon,.e-con>.elementor-widget-spacer.elementor-widget-empty .elementor-widget-empty-icon{position:absolute;top:0;bottom:0;left:0;right:0;margin:auto;padding:0;width:22px;height:22px}<\/style>\t\t<div class=\"elementor-spacer\">\n\t\t\t<div class=\"elementor-spacer-inner\"><\/div>\n\t\t<\/div>\n\t\t\t\t<\/div>\n\t\t\t\t<\/div>\n\t\t\t\t<div class=\"elementor-element elementor-element-e65badf elementor-widget elementor-widget-image\" data-id=\"e65badf\" data-element_type=\"widget\" data-widget_type=\"image.default\">\n\t\t\t\t<div class=\"elementor-widget-container\">\n\t\t\t<style>\/*! elementor - v3.22.0 - 26-06-2024 *\/\n.elementor-widget-image{text-align:center}.elementor-widget-image a{display:inline-block}.elementor-widget-image a img[src$=\".svg\"]{width:48px}.elementor-widget-image img{vertical-align:middle;display:inline-block}<\/style>\t\t\t\t\t\t\t\t\t\t<img fetchpriority=\"high\" decoding=\"async\" width=\"1140\" height=\"445\" src=\"https:\/\/www.bigadicyilmazasansor.com\/wp-content\/uploads\/2024\/07\/edwin-chen-bIghQbDIcY4-unsplash-scaled-2-1140x445.webp\" class=\"attachment-blog-large size-blog-large wp-image-2207\" alt=\"\" \/>\t\t\t\t\t\t\t\t\t\t\t\t\t<\/div>\n\t\t\t\t<\/div>\n\t\t\t\t<div class=\"elementor-element elementor-element-bbc92f5 elementor-widget elementor-widget-heading\" data-id=\"bbc92f5\" data-element_type=\"widget\" data-widget_type=\"heading.default\">\n\t\t\t\t<div class=\"elementor-widget-container\">\n\t\t\t<style>\/*! elementor - v3.22.0 - 26-06-2024 *\/\n.elementor-heading-title{padding:0;margin:0;line-height:1}.elementor-widget-heading .elementor-heading-title[class*=elementor-size-]>a{color:inherit;font-size:inherit;line-height:inherit}.elementor-widget-heading .elementor-heading-title.elementor-size-small{font-size:15px}.elementor-widget-heading .elementor-heading-title.elementor-size-medium{font-size:19px}.elementor-widget-heading .elementor-heading-title.elementor-size-large{font-size:29px}.elementor-widget-heading .elementor-heading-title.elementor-size-xl{font-size:39px}.elementor-widget-heading .elementor-heading-title.elementor-size-xxl{font-size:59px}<\/style><h2 class=\"elementor-heading-title elementor-size-default\">Makine Daireli Asans\u00f6rler<\/h2>\t\t<\/div>\n\t\t\t\t<\/div>\n\t\t\t\t<div class=\"elementor-element elementor-element-2f6329a elementor-widget elementor-widget-text-editor\" data-id=\"2f6329a\" data-element_type=\"widget\" data-widget_type=\"text-editor.default\">\n\t\t\t\t<div class=\"elementor-widget-container\">\n\t\t\t<style>\/*! elementor - v3.22.0 - 26-06-2024 *\/\n.elementor-widget-text-editor.elementor-drop-cap-view-stacked .elementor-drop-cap{background-color:#69727d;color:#fff}.elementor-widget-text-editor.elementor-drop-cap-view-framed .elementor-drop-cap{color:#69727d;border:3px solid;background-color:transparent}.elementor-widget-text-editor:not(.elementor-drop-cap-view-default) .elementor-drop-cap{margin-top:8px}.elementor-widget-text-editor:not(.elementor-drop-cap-view-default) .elementor-drop-cap-letter{width:1em;height:1em}.elementor-widget-text-editor .elementor-drop-cap{float:left;text-align:center;line-height:1;font-size:50px}.elementor-widget-text-editor .elementor-drop-cap-letter{display:inline-block}<\/style>\t\t\t\t<p>Makine daireli asans\u00f6rler; asans\u00f6r tahrik makinesinin asans\u00f6r kuyusunun \u00fczerinde te\u015fkil edilmi\u015f bir oda i\u00e7erisine\u00a0konumland\u0131r\u0131ld\u0131\u011f\u0131 asans\u00f6r tipidir.<\/p><p>Makina dairesindeki tahrik motorunun kumanda panosundan\u00a0ald\u0131\u011f\u0131 komut vas\u0131tas\u0131yla harekete ge\u00e7ip, kabini istenilen y\u00f6ne\u00a0hareket ettirmesi yoluyla \u00e7al\u0131\u015f\u0131r. Kabin, kar\u015f\u0131 a\u011f\u0131rl\u0131kla m\u00fc\u015fterek \u00e7al\u0131\u015f\u0131r. Aralar\u0131ndaki \u00e7elik halat\u0131n tahrik kasna\u011f\u0131 ile\u00a0s\u00fcrt\u00fcnmesinden kaynaklanan bir hareket vas\u0131tas\u0131yla yukar\u0131\u00a0a\u015fa\u011f\u0131 hareket ederler. Kabin ve kar\u015f\u0131 a\u011f\u0131rl\u0131k birbirleri ile\u00a0yakla\u015f\u0131k e\u015fit a\u011f\u0131rl\u0131ktad\u0131rlar. Bu sebeple enerjiden tasarruf\u00a0edilmektedir. Bu t\u00fcr tahrik makineleri, s\u00fcrt\u00fcnme tahrikli olarak\u00a0adland\u0131r\u0131l\u0131r.<\/p><p>Makine daireli asans\u00f6rlerin di\u015flili ve di\u015flisiz olmak \u00fczere iki\u00a0\u015fekilde uygulamas\u0131 yap\u0131l\u0131r. Makine daireli, di\u015flisiz asans\u00f6r\u00a0uygulamas\u0131 ise ta\u015f\u0131ma kapasitesi fazla olan ve y\u00fcksek binalarda\u00a0tercih edilir.<\/p><p>Asans\u00f6r makine dairesi, asans\u00f6r kuyusu ile birlikte asans\u00f6re ait\u00a0mek\u00e2n\u0131n bir par\u00e7as\u0131d\u0131r. Makine dairesi, asans\u00f6r h\u0131z\u0131 ve beyan\u00a0y\u00fck\u00fc olarak adland\u0131r\u0131lan asans\u00f6r y\u00fck\u00fcne g\u00f6re belirlenmesi\u00a0gereken bir aland\u0131r. Bu alan\u0131n d\u0131\u015f etkenlerden korunmu\u015f\u00a0rutubetsiz, yeterli ayd\u0131nl\u0131kta (En az 200 lux ve stroboskopik\u00a0yan\u0131lg\u0131dan etkilenmeyecek \u015fekilde ayd\u0131nlat\u0131lm\u0131\u015f), iyi\u00a0havaland\u0131r\u0131lan, ortam s\u0131cakl\u0131\u011f\u0131 +5~+40 derece aras\u0131nda\u00a0korunabilen, ses ve titre\u015fimleri \u00f6nleyecek \u015fekilde d\u00fczenlenmi\u015f\u00a0olmas\u0131 gerekir.<\/p><p>Asans\u00f6r makine dairesindeki makine k\u0131sm\u0131n\u0131n bulundu\u011fu d\u00f6\u015feme, asans\u00f6r \u00e7al\u0131\u015fmalar\u0131nda olu\u015fabilecek darbe ve\u00a0kuvvetlere dayanabilecek mukavemette olmal\u0131d\u0131r. Asans\u00f6r\u00a0makine dairesinde te\u00e7hizatlar aras\u0131ndaki ge\u00e7i\u015f yollar\u0131 ve makine\u00a0dairesi giri\u015fleri standartlara ve y\u00f6netmeli\u011fe uygun yap\u0131lmal\u0131d\u0131r.\u00a0Asans\u00f6r makine dairelerine yetkili personelin d\u0131\u015f\u0131nda\u00a0ba\u015fkalar\u0131n\u0131n girmesi \u00f6nlenmelidir.<\/p><div id=\"mttContainer\" class=\"notranslate\" style=\"transform: translate(-21px, 14px);\" aria-expanded=\"true\"><div id=\"tippy-1\" style=\"z-index: 100000200; visibility: visible; position: absolute; inset: 0px auto auto 0px; margin: 0px; transform: translate(526px, 20px);\" data-tippy-root=\"\"><div class=\"tippy-box\" style=\"max-width: 350px; transition-duration: 300ms;\" tabindex=\"-1\" role=\"mtttooltip\" data-state=\"visible\" data-theme=\"custom\" data-animation=\"fade\" data-placement=\"bottom\"><div class=\"tippy-content\" style=\"transition-duration: 300ms;\" data-state=\"visible\"><span dir=\"ltr\">Lorem ipsum dolor sit amet, consectetur adipiscing elit. Ut elit tellus, luctus nec ullamcorper mattis, pulvinar dapibus leo.<\/span><\/div><div class=\"tippy-arrow\" style=\"position: absolute; left: 0px; transform: translate(3px, 0px);\">\u00a0<\/div><\/div><\/div><\/div>\t\t\t\t\t\t<\/div>\n\t\t\t\t<\/div>\n\t\t\t\t\t<\/div>\n\t\t\t\t<\/div>\n\t\t<div class=\"elementor-element elementor-element-ab22629 e-flex e-con-boxed e-con e-parent\" data-id=\"ab22629\" data-element_type=\"container\">\n\t\t\t\t\t<div class=\"e-con-inner\">\n\t\t\t\t\t<\/div>\n\t\t\t\t<\/div>\n\t\t\t\t<\/div>\n\t\t","protected":false},"excerpt":{"rendered":"<p>Makine Daireli Asans\u00f6rler Makine daireli asans\u00f6rler; asans\u00f6r tahrik makinesinin asans\u00f6r kuyusunun \u00fczerinde te\u015fkil edilmi\u015f bir oda i\u00e7erisine\u00a0konumland\u0131r\u0131ld\u0131\u011f\u0131 asans\u00f6r tipidir. Makina dairesindeki tahrik motorunun kumanda panosundan\u00a0ald\u0131\u011f\u0131 komut vas\u0131tas\u0131yla harekete ge\u00e7ip, kabini istenilen y\u00f6ne\u00a0hareket ettirmesi yoluyla \u00e7al\u0131\u015f\u0131r. Kabin, kar\u015f\u0131 a\u011f\u0131rl\u0131kla m\u00fc\u015fterek \u00e7al\u0131\u015f\u0131r. Aralar\u0131ndaki \u00e7elik halat\u0131n tahrik kasna\u011f\u0131 ile\u00a0s\u00fcrt\u00fcnmesinden kaynaklanan bir hareket vas\u0131tas\u0131yla yukar\u0131\u00a0a\u015fa\u011f\u0131 hareket ederler. Kabin ve [&hellip;]<\/p>\n","protected":false},"author":1,"featured_media":0,"parent":2132,"menu_order":0,"comment_status":"closed","ping_status":"closed","template":"","meta":{"footnotes":""},"class_list":["post-2281","page","type-page","status-publish","hentry"],"_links":{"self":[{"href":"https:\/\/www.bigadicyilmazasansor.com\/index.php\/wp-json\/wp\/v2\/pages\/2281","targetHints":{"allow":["GET"]}}],"collection":[{"href":"https:\/\/www.bigadicyilmazasansor.com\/index.php\/wp-json\/wp\/v2\/pages"}],"about":[{"href":"https:\/\/www.bigadicyilmazasansor.com\/index.php\/wp-json\/wp\/v2\/types\/page"}],"author":[{"embeddable":true,"href":"https:\/\/www.bigadicyilmazasansor.com\/index.php\/wp-json\/wp\/v2\/users\/1"}],"replies":[{"embeddable":true,"href":"https:\/\/www.bigadicyilmazasansor.com\/index.php\/wp-json\/wp\/v2\/comments?post=2281"}],"version-history":[{"count":4,"href":"https:\/\/www.bigadicyilmazasansor.com\/index.php\/wp-json\/wp\/v2\/pages\/2281\/revisions"}],"predecessor-version":[{"id":2285,"href":"https:\/\/www.bigadicyilmazasansor.com\/index.php\/wp-json\/wp\/v2\/pages\/2281\/revisions\/2285"}],"up":[{"embeddable":true,"href":"https:\/\/www.bigadicyilmazasansor.com\/index.php\/wp-json\/wp\/v2\/pages\/2132"}],"wp:attachment":[{"href":"https:\/\/www.bigadicyilmazasansor.com\/index.php\/wp-json\/wp\/v2\/media?parent=2281"}],"curies":[{"name":"wp","href":"https:\/\/api.w.org\/{rel}","templated":true}]}}