{"id":2147,"date":"2024-07-03T21:04:30","date_gmt":"2024-07-03T18:04:30","guid":{"rendered":"https:\/\/www.bigadicyilmazasansor.com\/?page_id=2147"},"modified":"2024-07-04T11:42:59","modified_gmt":"2024-07-04T08:42:59","slug":"servisler","status":"publish","type":"page","link":"https:\/\/www.bigadicyilmazasansor.com\/index.php\/servisler\/","title":{"rendered":"Servisler"},"content":{"rendered":"\t\t<div data-elementor-type=\"wp-page\" data-elementor-id=\"2147\" class=\"elementor elementor-2147\">\n\t\t\t\t\t\t<div class=\"elementor-section elementor-top-section elementor-element elementor-element-fa1912b p-t-xxl p-b-xxl elementor-section-boxed elementor-section-height-default elementor-section-height-default\" data-id=\"fa1912b\" data-element_type=\"section\" data-settings=\"{&quot;background_background&quot;:&quot;classic&quot;}\">\n\t\t\n\t\t\t\t\t\t\t<div class=\"elementor-container elementor-column-gap-default\">\n\t\t\t\t\t\t\t\t\t\t\t<div class=\"elementor-column elementor-col-100 elementor-top-column elementor-element elementor-element-1d199c6\" data-id=\"1d199c6\" data-element_type=\"column\">\n\t\t\t\t\t<div class=\"elementor-widget-wrap elementor-element-populated\">\n\t\t\t\t\t\t\t\t<div class=\"elementor-element elementor-element-981d0cf mb-4 rounded-2 overflow-hidden ml-auto mr-auto elementor-widget__width-auto elementor-widget-divider--view-line elementor-invisible elementor-widget elementor-widget-divider\" data-id=\"981d0cf\" data-element_type=\"widget\" data-settings=\"{&quot;_animation&quot;:&quot;fadeInUp&quot;}\" data-widget_type=\"divider.default\">\n\t\t\t\t<div class=\"elementor-widget-container\">\n\t\t\t<style>\/*! elementor - v3.22.0 - 26-06-2024 *\/\n.elementor-widget-divider{--divider-border-style:none;--divider-border-width:1px;--divider-color:#0c0d0e;--divider-icon-size:20px;--divider-element-spacing:10px;--divider-pattern-height:24px;--divider-pattern-size:20px;--divider-pattern-url:none;--divider-pattern-repeat:repeat-x}.elementor-widget-divider .elementor-divider{display:flex}.elementor-widget-divider .elementor-divider__text{font-size:15px;line-height:1;max-width:95%}.elementor-widget-divider .elementor-divider__element{margin:0 var(--divider-element-spacing);flex-shrink:0}.elementor-widget-divider .elementor-icon{font-size:var(--divider-icon-size)}.elementor-widget-divider .elementor-divider-separator{display:flex;margin:0;direction:ltr}.elementor-widget-divider--view-line_icon .elementor-divider-separator,.elementor-widget-divider--view-line_text .elementor-divider-separator{align-items:center}.elementor-widget-divider--view-line_icon .elementor-divider-separator:after,.elementor-widget-divider--view-line_icon .elementor-divider-separator:before,.elementor-widget-divider--view-line_text .elementor-divider-separator:after,.elementor-widget-divider--view-line_text .elementor-divider-separator:before{display:block;content:\"\";border-block-end:0;flex-grow:1;border-block-start:var(--divider-border-width) var(--divider-border-style) var(--divider-color)}.elementor-widget-divider--element-align-left .elementor-divider .elementor-divider-separator>.elementor-divider__svg:first-of-type{flex-grow:0;flex-shrink:100}.elementor-widget-divider--element-align-left .elementor-divider-separator:before{content:none}.elementor-widget-divider--element-align-left .elementor-divider__element{margin-left:0}.elementor-widget-divider--element-align-right .elementor-divider .elementor-divider-separator>.elementor-divider__svg:last-of-type{flex-grow:0;flex-shrink:100}.elementor-widget-divider--element-align-right .elementor-divider-separator:after{content:none}.elementor-widget-divider--element-align-right .elementor-divider__element{margin-right:0}.elementor-widget-divider--element-align-start .elementor-divider .elementor-divider-separator>.elementor-divider__svg:first-of-type{flex-grow:0;flex-shrink:100}.elementor-widget-divider--element-align-start .elementor-divider-separator:before{content:none}.elementor-widget-divider--element-align-start .elementor-divider__element{margin-inline-start:0}.elementor-widget-divider--element-align-end .elementor-divider .elementor-divider-separator>.elementor-divider__svg:last-of-type{flex-grow:0;flex-shrink:100}.elementor-widget-divider--element-align-end .elementor-divider-separator:after{content:none}.elementor-widget-divider--element-align-end .elementor-divider__element{margin-inline-end:0}.elementor-widget-divider:not(.elementor-widget-divider--view-line_text):not(.elementor-widget-divider--view-line_icon) .elementor-divider-separator{border-block-start:var(--divider-border-width) var(--divider-border-style) var(--divider-color)}.elementor-widget-divider--separator-type-pattern{--divider-border-style:none}.elementor-widget-divider--separator-type-pattern.elementor-widget-divider--view-line .elementor-divider-separator,.elementor-widget-divider--separator-type-pattern:not(.elementor-widget-divider--view-line) .elementor-divider-separator:after,.elementor-widget-divider--separator-type-pattern:not(.elementor-widget-divider--view-line) .elementor-divider-separator:before,.elementor-widget-divider--separator-type-pattern:not([class*=elementor-widget-divider--view]) .elementor-divider-separator{width:100%;min-height:var(--divider-pattern-height);-webkit-mask-size:var(--divider-pattern-size) 100%;mask-size:var(--divider-pattern-size) 100%;-webkit-mask-repeat:var(--divider-pattern-repeat);mask-repeat:var(--divider-pattern-repeat);background-color:var(--divider-color);-webkit-mask-image:var(--divider-pattern-url);mask-image:var(--divider-pattern-url)}.elementor-widget-divider--no-spacing{--divider-pattern-size:auto}.elementor-widget-divider--bg-round{--divider-pattern-repeat:round}.rtl .elementor-widget-divider .elementor-divider__text{direction:rtl}.e-con-inner>.elementor-widget-divider,.e-con>.elementor-widget-divider{width:var(--container-widget-width,100%);--flex-grow:var(--container-widget-flex-grow)}<\/style>\t\t<div class=\"elementor-divider\">\n\t\t\t<span class=\"elementor-divider-separator\">\n\t\t\t\t\t\t<\/span>\n\t\t<\/div>\n\t\t\t\t<\/div>\n\t\t\t\t<\/div>\n\t\t\t\t<div class=\"elementor-element elementor-element-3e7e657 mb-0 elementor-invisible elementor-widget elementor-widget-heading\" data-id=\"3e7e657\" data-element_type=\"widget\" data-settings=\"{&quot;_animation&quot;:&quot;fadeInUp&quot;,&quot;_animation_delay&quot;:100}\" data-widget_type=\"heading.default\">\n\t\t\t\t<div class=\"elementor-widget-container\">\n\t\t\t<style>\/*! elementor - v3.22.0 - 26-06-2024 *\/\n.elementor-heading-title{padding:0;margin:0;line-height:1}.elementor-widget-heading .elementor-heading-title[class*=elementor-size-]>a{color:inherit;font-size:inherit;line-height:inherit}.elementor-widget-heading .elementor-heading-title.elementor-size-small{font-size:15px}.elementor-widget-heading .elementor-heading-title.elementor-size-medium{font-size:19px}.elementor-widget-heading .elementor-heading-title.elementor-size-large{font-size:29px}.elementor-widget-heading .elementor-heading-title.elementor-size-xl{font-size:39px}.elementor-widget-heading .elementor-heading-title.elementor-size-xxl{font-size:59px}<\/style><h2 class=\"elementor-heading-title elementor-size-default\">Servislerimiz<\/h2>\t\t<\/div>\n\t\t\t\t<\/div>\n\t\t\t\t<div class=\"elementor-element elementor-element-01659d4 elementor-widget__width-initial ml-auto mr-auto mb-5 pb-2 elementor-invisible elementor-widget elementor-widget-porto_ultimate_heading\" data-id=\"01659d4\" data-element_type=\"widget\" data-settings=\"{&quot;_animation&quot;:&quot;fadeInUp&quot;,&quot;_animation_delay&quot;:400}\" data-widget_type=\"porto_ultimate_heading.default\">\n\t\t\t\t<div class=\"elementor-widget-container\">\n\t\t\t<div class=\"porto-u-heading  porto-u-7298\"><div class=\"porto-u-main-heading\"><h2    style=\"margin-bottom: 1.5rem;\">Asans\u00f6r & Y\u00fcr\u00fcyen Merdiven<\/h2><\/div><div class=\"porto-u-sub-heading\" style=\"\"><p>Bigadi\u00e7 Y\u0131lmaz Asans\u00f6r, \"Kaliteli Asans\u00f6r Kabin \u00dcretimi\" ve \"Her Zaman M\u00fc\u015fteri Memnuniyeti\" politikalar\u0131n\u0131 daima en \u00fcst hedefi olarak g\u00f6rm\u00fc\u015ft\u00fcr.<\/p><\/div><style>.porto-u-7298.porto-u-heading{text-align:center}<\/style><\/div>\t\t<\/div>\n\t\t\t\t<\/div>\n\t\t\t\t<div class=\"elementor-section elementor-inner-section elementor-element elementor-element-c048e9f m-b-xxl elementor-section-boxed elementor-section-height-default elementor-section-height-default elementor-invisible\" data-id=\"c048e9f\" data-element_type=\"section\" data-settings=\"{&quot;animation&quot;:&quot;fadeIn&quot;,&quot;animation_delay&quot;:300}\">\n\t\t\n\t\t\t\t\t\t\t<div class=\"elementor-container elementor-column-gap-default\">\n\t\t\t\t\t\t\t\t\t\t\t<div class=\"elementor-column elementor-col-33 elementor-inner-column elementor-element elementor-element-4a28651\" data-id=\"4a28651\" data-element_type=\"column\">\n\t\t\t\t\t<div class=\"elementor-widget-wrap elementor-element-populated\">\n\t\t\t\t\t\t\t\t<div class=\"elementor-element elementor-element-d38788b custom-icon-box overflow-hidden  box-shadow-hover translate-top-10 rounded-2 elementor-widget elementor-widget-porto_info_box\" data-id=\"d38788b\" data-element_type=\"widget\" data-widget_type=\"porto_info_box.default\">\n\t\t\t\t<div class=\"elementor-widget-container\">\n\t\t\t<div class=\"porto-sicon-box style_1 top-icon\"><div class=\"porto-sicon-top\"><div id=\"porto-icon-103232847069e15d4688cd0\" class=\"porto-just-icon-wrapper porto-sicon-img\" style=\"margin-bottom:25px;\"><img fetchpriority=\"high\" decoding=\"async\" class=\"img-icon\" alt=\"\" src=\"https:\/\/www.bigadicyilmazasansor.com\/wp-content\/uploads\/2024\/07\/elevator-installation.png\" width=\"600\" height=\"350\" \/><\/div><\/div><div class=\"porto-sicon-header\"><h3 class=\"porto-sicon-title\" style=\"\">Montaj Hizmetleri<\/h3><p >Konusunda uzman ekibiyle ba\u015far\u0131l\u0131 projelere imza atan Bigadi\u00e7 Y\u0131lmaz Asans\u00f6r, \u00e7e\u015fitli kapasitelerdeki insan, hidrolik, servis, y\u00fck, engelli ve di\u011fer t\u00fcm asans\u00f6r sistemleri i\u00e7in g\u00fcvenilir, g\u00fc\u00e7l\u00fc ve profesyonel ekibiyle montaj konusunda gerekli t\u00fcm hizmetleri sunmaktad\u0131r.<\/p><\/div> <!-- header --><div class=\"porto-sicon-description\" style=\"\" ><p><a href=\"https:\/\/www.bigadicyilmazasansor.com\/index.php\/servisler\/montaj-hizmetleri\/\">Devam\u0131n\u0131 Oku &gt;&gt;<\/a><\/p><\/div> <!-- description --><\/div><!-- porto-sicon-box -->\t\t<\/div>\n\t\t\t\t<\/div>\n\t\t\t\t\t<\/div>\n\t\t\t\t<\/div>\n\t\t\t\t<div class=\"elementor-column elementor-col-33 elementor-inner-column elementor-element elementor-element-5397719\" data-id=\"5397719\" data-element_type=\"column\">\n\t\t\t\t\t<div class=\"elementor-widget-wrap elementor-element-populated\">\n\t\t\t\t\t\t\t\t<div class=\"elementor-element elementor-element-b19cc86 custom-icon-box overflow-hidden  box-shadow-hover translate-top-10 rounded-2 elementor-widget elementor-widget-porto_info_box\" data-id=\"b19cc86\" data-element_type=\"widget\" data-widget_type=\"porto_info_box.default\">\n\t\t\t\t<div class=\"elementor-widget-container\">\n\t\t\t<div class=\"porto-sicon-box style_1 top-icon\"><div class=\"porto-sicon-top\"><div id=\"porto-icon-5403326669e15d4689d2a\" class=\"porto-just-icon-wrapper porto-sicon-img\" style=\"margin-bottom:25px;\"><img decoding=\"async\" class=\"img-icon\" alt=\"\" src=\"https:\/\/www.bigadicyilmazasansor.com\/wp-content\/uploads\/2024\/07\/elevator-repair.png\" width=\"600\" height=\"350\" \/><\/div><\/div><div class=\"porto-sicon-header\"><h3 class=\"porto-sicon-title\" style=\"\">Bak\u0131m & Onar\u0131m<\/h3><p >Asans\u00f6r bak\u0131m\u0131 ne yaz\u0131k ki \u00fclkemizde \u00e7ok dikkate al\u0131nmamas\u0131 nedeniyle \u00f6l\u00fcml\u00fc yada yaralanmal\u0131 \u00e7ok s\u0131k kazalar\u0131n\u0131n ya\u015fanmas\u0131na sebep olmaktad\u0131r. Bigadi\u00e7 Y\u0131lmaz Asans\u00f6r, tespit edilen ar\u0131zalar\u0131 h\u0131zl\u0131 bir \u015fekilde \u00e7al\u0131\u015f\u0131r hale getirmek i\u00e7in g\u00fcvenilir bir hizmet sunmaktad\u0131r.<\/p><\/div> <!-- header --><div class=\"porto-sicon-description\" style=\"\" ><p><a href=\"https:\/\/www.bigadicyilmazasansor.com\/index.php\/servisler\/bakim-onarim-hizmetleri\/\">Devam\u0131n\u0131 Oku &gt;&gt;<\/a><\/p><\/div> <!-- description --><\/div><!-- porto-sicon-box -->\t\t<\/div>\n\t\t\t\t<\/div>\n\t\t\t\t\t<\/div>\n\t\t\t\t<\/div>\n\t\t\t\t<div class=\"elementor-column elementor-col-33 elementor-inner-column elementor-element elementor-element-134187e\" data-id=\"134187e\" data-element_type=\"column\">\n\t\t\t\t\t<div class=\"elementor-widget-wrap elementor-element-populated\">\n\t\t\t\t\t\t\t\t<div class=\"elementor-element elementor-element-e140ea8 custom-icon-box overflow-hidden  box-shadow-hover translate-top-10 rounded-2 elementor-widget elementor-widget-porto_info_box\" data-id=\"e140ea8\" data-element_type=\"widget\" data-widget_type=\"porto_info_box.default\">\n\t\t\t\t<div class=\"elementor-widget-container\">\n\t\t\t<div class=\"porto-sicon-box style_1 top-icon\"><div class=\"porto-sicon-top\"><div id=\"porto-icon-111522417269e15d468ac0e\" class=\"porto-just-icon-wrapper porto-sicon-img\" style=\"margin-bottom:25px;\"><img decoding=\"async\" class=\"img-icon\" alt=\"\" src=\"https:\/\/www.bigadicyilmazasansor.com\/wp-content\/uploads\/2024\/07\/modernasation.png\" width=\"600\" height=\"350\" \/><\/div><\/div><div class=\"porto-sicon-header\"><h3 class=\"porto-sicon-title\" style=\"\">Revizyon<\/h3><p >Asans\u00f6rler de di\u011fer hareketli makineler gibi zamanla deformasyona u\u011frar. Uzun y\u0131llar kullan\u0131lmas\u0131 beklenen asans\u00f6rlerin aral\u0131klarla periyodik bak\u0131m\u0131 yap\u0131lmal\u0131. Kullan\u0131m kalitesindeki performans d\u00fc\u015f\u00fckl\u00fc\u011f\u00fc istenmiyorsa asans\u00f6r\u00fcn\u00fcz\u00fcn ar\u0131zalanmas\u0131n\u0131 beklemeyiniz.<\/p><\/div> <!-- header --><div class=\"porto-sicon-description\" style=\"\" ><p><a href=\"https:\/\/www.bigadicyilmazasansor.com\/index.php\/servisler\/revizyon-hizmetleri\/\">Devam\u0131n\u0131 Oku &gt;&gt;<\/a><\/p><\/div> <!-- description --><\/div><!-- porto-sicon-box -->\t\t<\/div>\n\t\t\t\t<\/div>\n\t\t\t\t\t<\/div>\n\t\t\t\t<\/div>\n\t\t\t\t\t<\/div>\n\t\t\t\t<\/div>\n\t\t\t\t\t<\/div>\n\t\t\t\t<\/div>\n\t\t\t\t\t<\/div>\n\t\t\t\t<\/div>\n\t\t\t\t<\/div>\n\t\t","protected":false},"excerpt":{"rendered":"<p>Servislerimiz Asans\u00f6r &#038; Y\u00fcr\u00fcyen Merdiven Bigadi\u00e7 Y\u0131lmaz Asans\u00f6r, &#8220;Kaliteli Asans\u00f6r Kabin \u00dcretimi&#8221; ve &#8220;Her Zaman M\u00fc\u015fteri Memnuniyeti&#8221; politikalar\u0131n\u0131 daima en \u00fcst hedefi olarak g\u00f6rm\u00fc\u015ft\u00fcr. Montaj Hizmetleri Konusunda uzman ekibiyle ba\u015far\u0131l\u0131 projelere imza atan Bigadi\u00e7 Y\u0131lmaz Asans\u00f6r, \u00e7e\u015fitli kapasitelerdeki insan, hidrolik, servis, y\u00fck, engelli ve di\u011fer t\u00fcm asans\u00f6r sistemleri i\u00e7in g\u00fcvenilir, g\u00fc\u00e7l\u00fc ve profesyonel ekibiyle montaj [&hellip;]<\/p>\n","protected":false},"author":1,"featured_media":0,"parent":0,"menu_order":0,"comment_status":"closed","ping_status":"closed","template":"","meta":{"footnotes":""},"class_list":["post-2147","page","type-page","status-publish","hentry"],"_links":{"self":[{"href":"https:\/\/www.bigadicyilmazasansor.com\/index.php\/wp-json\/wp\/v2\/pages\/2147","targetHints":{"allow":["GET"]}}],"collection":[{"href":"https:\/\/www.bigadicyilmazasansor.com\/index.php\/wp-json\/wp\/v2\/pages"}],"about":[{"href":"https:\/\/www.bigadicyilmazasansor.com\/index.php\/wp-json\/wp\/v2\/types\/page"}],"author":[{"embeddable":true,"href":"https:\/\/www.bigadicyilmazasansor.com\/index.php\/wp-json\/wp\/v2\/users\/1"}],"replies":[{"embeddable":true,"href":"https:\/\/www.bigadicyilmazasansor.com\/index.php\/wp-json\/wp\/v2\/comments?post=2147"}],"version-history":[{"count":7,"href":"https:\/\/www.bigadicyilmazasansor.com\/index.php\/wp-json\/wp\/v2\/pages\/2147\/revisions"}],"predecessor-version":[{"id":2204,"href":"https:\/\/www.bigadicyilmazasansor.com\/index.php\/wp-json\/wp\/v2\/pages\/2147\/revisions\/2204"}],"wp:attachment":[{"href":"https:\/\/www.bigadicyilmazasansor.com\/index.php\/wp-json\/wp\/v2\/media?parent=2147"}],"curies":[{"name":"wp","href":"https:\/\/api.w.org\/{rel}","templated":true}]}}